 be x - -4*7/(-14). Determine c(k).
8
Suppose 4*r + 12 = 0, -t - 4*r = t - 6*t - 8. Let q(g) be the third derivative of -g**4/24 - 2*g**3 - g**2. What is q(t)?
-7
Let p = 12198 + -12225. Let r(c) = -c**3 - 28*c**2 - 29*c - 50. Calculate r(p).
4
Let t(u) be the second derivative of -u**5/20 + 2*u**4/3 + 2*u**3/3 + 45*u**2/2 + 1701*u. Calculate t(9).
0
Let y(i) = -4*i**2 + 2*i + 1. Let s(x) = 7*x**2 - 4*x - 1. Let v(a) = -3*s(a) - 5*y(a). Suppose -2*l = -3*l + 2. Suppose -3*w = l*w - 10. Give v(w).
-2
Let z(j) = -j - 3. Suppose -a - 2*a = -0*a. Let t be (0 + a)/(25 + -24). Determine z(t).
-3
Let f(x) be the first derivative of x**2/2 - x - 27. Let a be (42/4 - 2)*-2. Let w be (a/17)/(1/(-1)). Give f(w).
0
Let h be 178/7 + 9/(-21). Suppose 0 = -18*a + h*a - 91. Let g(b) = -b**3 + 10*b - 5 + 14*b - 35*b + a*b + 4*b**2. Give g(4).
3
Let i(d) = 2*d**3 + 3*d**2 - 9*d - 3. Let m(k) = -k**3 + 26*k**2 - 4*k + 100. Let n be m(26). Determine i(n).
-47
Let b(g) be the second derivative of -g**3 - 2*g**2 + 654*g. Determine b(-2).
8
Let n(r) = 24986 - 25166 + 25*r + 5*r. Give n(6).
0
Let f(r) = -5*r**2 + 13*r - 1. Let j(p) = 7*p**2 - 14*p. Let h(a) = -3*f(a) - 2*j(a). What is h(12)?
15
Let g(i) be the first derivative of 4*i + 16 - 1/4*i**4 - 1/2*i**2 + 2*i**3. Determine g(6).
-2
Let v(i) be the third derivative of i**5/30 + i**4/12 - 467*i**2. Suppose 0*q = -6*q - 12. Give v(q).
4
Let l(w) be the second derivative of 11*w**4/4 + w**3/3 + w**2/2 + 752*w + 3. Give l(-1).
32
Let f be 33/12 - 3 - (-33)/4. Let b(j) = j + j - f - j - 3*j. Determine b(-7).
6
Let j(q) be the third derivative of -q**6/120 + q**5/30 - 5*q**4/24 - q**3/3 - 212*q**2 + 7*q. What is j(4)?
-54
Let j(p) be the second derivative of p**5/60 - p**4/3 + 3*p**3/2 - 7*p**2/2 + p - 2. Let x(d) be the first derivative of j(d). Determine x(6).
-3
Let y(c) be the first derivative of -c**2/2 - 5*c + 3804. What is y(2)?
-7
Let g(c) = 4*c - 15 + 5*c**2 + 21 + 18975*c**3 - 18976*c**3 - 18. Calculate g(7).
-82
Let j = 28 + -64. Let b = j + 35. Let g(f) be the first derivative of -f**2/2 - f - 1. Give g(b).
0
Suppose 3*j = -b + 63, 51 = -3*b + 4*b - 3*j. Let o = 50 - b. Let h(v) = -v**3 - 6*v**2 + 5*v - 2. What is h(o)?
12
Suppose 6*i = 8*i - 28. Suppose 0 = i*s + 52 + 18. Let c(d) be the second derivative of -5*d**3/6 - 7*d**2/2 + 9*d. What is c(s)?
18
Suppose 3*g - 3*u - 18 = 0, 4*u + 29 = 4*g - u. Let n(v) = -6*v + 36*v**3 + g + 37*v**3 - v**2 - 72*v**3. Determine n(4).
25
Let x(f) = -6*f + 8 + 4*f**3 + 15*f - 9*f**2 + 2*f**3 - 5*f**3 + 5*f. Give x(7).
8
Let a(j) be the third derivative of j**5/60 - j**4/6 + j**3/3 - 4*j**2 + 118*j. Let b be -2 + 6 + (-1)/1. Give a(b).
-1
Let c be 4/6*(-216)/(-48). Let v(f) = 5*f**3 - 6*f**2 + f - 6. Let q(w) = -w**3 + w**2 - w + 1. Let n(d) = 4*q(d) + v(d). What is n(c)?
-2
Let c(s) = -4*s**3 - s**2 - 2*s + 2. Suppose -2*r - 6 = 4*y, -32*y - 4*r = -25*y + 10. Give c(y).
34
Let p(b) be the second derivative of -2*b**2 + 0 + 27*b - 1/2*b**3. Let k be (-6)/(-1 + (-2 - -5)). What is p(k)?
5
Let y be -10*((-481)/370 + (-1)/2). Let v(q) = 11*q - 185. Give v(y).
13
Let l(r) = 3*r + 4. Let t(q) = q**3 - 6*q**2 + 9*q - 11. Let j be t(7). Suppose j*a - 104*a = -315. Let m = a + -110. What is l(m)?
-11
Let i(m) = -484 + m - 2*m + 492. Suppose -4*d - d = 80. Let t(r) = r**2 + 17*r + 22. Let l be t(d). Give i(l).
2
Let i(a) = a - 5. Let z(j) = 3. Let y(v) = -1. Let f(m) = 11*y(m) + 4*z(m). Suppose 152*x = 148*x - 4. Let l(n) = x*i(n) - 3*f(n). Give l(4).
-2
Let p(c) = c**3 + c**2 - c - 1. Let j(r) = -11*r + 18*r**2 + 5*r**3 + 0 - 6*r**2 - 12 + 2*r**2 + 2. Let z(s) = -j(s) + 6*p(s). Determine z(7).
-10
Let v(f) = 6*f + 1. Let z(o) be the third derivative of 11*o**4/24 + 221*o**3/6 + 198*o**2. Let n be z(-20). Calculate v(n).
7
Let j(f) = -f**2 - 6*f + 23. Let y be (-4)/18*37 + (-8)/(-36). What is j(y)?
7
Let h(z) = z**3 + 21*z**2 - 2*z - 34. Let r be h(-21). Let g be 2/(-10) - (-1 + r/10). Let y(t) = g*t - 2*t - 183*t**2 - 6 - t**3 + 189*t**2. Determine y(6).
-18
Let z(q) = -q**2 - 3*q + 83. Suppose 482 = 123*y - 439 - 63. Give z(y).
-5
Let w(v) = 278 - 9*v - 298 - 4*v. Determine w(-8).
84
Let u be 1*188/60 - 4/30. Suppose -38*b + u = -39*b. Let l(g) be the third derivative of g**6/120 + g**5/60 - g**4/6 - 2*g**3/3 + g**2. What is l(b)?
-10
Let m(u) = -3*u - 5. Suppose -q + 4*p - 5*p + 7 = 0, -5*p + 7 = -2*q. Let c be (-444)/(-8) - 2/q. Let h be 4/(-66)*-3 + (-230)/c. Calculate m(h).
7
Let p be ((-752)/(-1222))/((-2)/(-13)). Let n(u) = -39*u + 148. Give n(p).
-8
Let q(c) = -4*c**2 + 9*c - 1. Let x(n) = -3 + 4*n - 19*n**2 + 2*n**2 - 4*n**2 + 42*n. Let o(b) = -11*q(b) + 2*x(b). Determine o(4).
9
Let c(k) = 1. Let m(i) = i + 2. Let y(o) = c(o) - m(o). Let r(g) = 20*g + 14*g + 29*g + 16*g - 6 - 74*g. Let n(j) = -r(j) - 3*y(j). Determine n(6).
-3
Let i(l) = 3 + 2 - l + 0. Let k(a) = 3*a**2 - 26*a - 1. Let x(p) = 2*p**2 - 18*p - 1. Let s(g) = 5*k(g) - 8*x(g). Let o be s(14). What is i(o)?
2
Let v(b) be the second derivative of b**4/12 + 5*b**3/3 - 6*b**2 + 15*b + 12. Give v(-9).
-21
Let x(g) = -22*g**3 - 24*g**3 + 2*g - 2*g**2 + 33*g**3 - 1. Let f(c) = -c**3 - 5*c**2 + 1. Let l be f(-5). Calculate x(l).
-14
Let k(l) = -85*l**2 + l + 3*l + 94*l**2 - 3. Let d(v) = -25*v**2 - 12*v + 8. Let t(f) = -4*d(f) - 11*k(f). Give t(-3).
-2
Let j = 12472 + -12474. Let t(y) = -6*y**3 - 2*y**2 - 2*y + 1. Give t(j).
45
Let u(o) = 3*o**3 + 3*o**2 - 3*o. Let j(p) = -p**2 + 7*p - 6. Let k be j(6). Suppose k*l = -3*x - 5*l + 6, 0 = 2*l. Determine u(x).
30
Suppose 0 = -25*z - 401926 + 401601. Let x(a) = a**2 - 42*a - 709. What is x(z)?
6
Let j = 15 + -22. Let g(q) be the third derivative of q**5/60 + 7*q**4/24 - q**3/3 - 68*q**2 - 1. Let r be g(j). Let n(d) = d**3 + 4*d**2 - 2. What is n(r)?
6
Suppose -4*f - 112 = 3*o - 208, -4*f - 2*o + 96 = 0. Let c(n) = -44*n + 1058. Calculate c(f).
2
Let h(x) be the first derivative of x**3/6 - x**2 - 153*x + 107. Let p(w) be the first derivative of h(w). Calculate p(8).
6
Let y be (14 + (-3 - -1))/2. Let p(u) = 5 - 3*u + 4*u - y*u + 4*u. Let n = 51 + -46. Give p(n).
0
Let d(k) = -5 - 58*k**3 + 12*k**3 + 19*k**3 - 4*k + 26*k**3 + k**2. Give d(0).
-5
Let b(w) be the first derivative of -w**4/12 + 7*w**3/6 - 7*w**2/2 - 135*w - 168. Let f(i) be the first derivative of b(i). Determine f(4).
5
Let d = 3772 + -3774. Let g(t) = 16*t**2 + 4*t + 1. Give g(d).
57
Let a(f) = 2 + 466*f + f**2 + 0*f**2 + 433*f - 883*f. Suppose -4*y = 2*z + 58, 3*z + 7 = -2*y + y. Give a(y).
2
Let z(f) = f**2 + 27*f - 37. Let t(x) = 233*x - 1659. Let g be t(7). Calculate z(g).
-9
Let w = 145 - 109. Suppose 173*j + w = 161*j. Let z(b) = 2*b + 6. Give z(j).
0
Let q(x) = x**3 + 6*x**2 + 2*x - 7. Let s(b) = 5*b**2 + 12*b + 19. Suppose 2*k + 14 = i, 3 = -4*k - 2*i - 17. Let g be s(k). Let h = 122 - g. Determine q(h).
8
Let u(r) = r**2 + 2*r**2 - 4 - 517863*r - 2 + 517840*r. What is u(8)?
2
Let w(n) be the second derivative of -n**4/4 + n**3/3 - 3*n**2/2 - 3*n. Let z = 9 - 12. Let s(d) = 2*d**2 - 2*d + 3. Let c(h) = z*w(h) - 4*s(h). Determine c(2).
5
Let t(c) = -10 + 3946*c - c**3 + c**3 - c**3 - 6*c**2 - 3956*c. Give t(-7).
109
Let m be 1 + 1 + -4*(-7)/(-28). Let a(v) = 1 - 17*v**2 - 10*v**2 - 12*v**2 + 37*v**2 - v - 21*v**2. Give a(m).
-23
Let d(s) = -2*s + 16. Let n be d(8). Let u be n - (0 - -1) - -48. Suppose -9*j = -u + 11. Let r(k) = k**3 - 3*k**2 - 6*k + 3. Calculate r(j).
-5
Let o = -306 + 334. Let s be (-518)/49 + o/49. Let h(a) = -a**3 - 9*a**2 + 11*a + 9. Calculate h(s).
-1
Let z(b) = -b**3 + 4*b**2 - 1. Let y = 273 + -473. Let v = y - -204. Determine z(v).
-1
Let z(d) = -d**2 - 6*d + 1. Let y be 84/8 - (-6)/4. Suppose 5*r + y = 22. Suppose -r*x + 18 = -5*x. What is z(x)?
1
Suppose 2*p = -4*c + 1728 - 542, 3*c + 2*p = 890. Let i = c + -295. Let b(q) = 13*q + 1. Give b(i).
14
Let t(b) = -4*b**2 + 8*b + 6. Let i(v) = 3*v**2 - 7*v - 5. Let j(o) = 5*i(o) + 4*t(o). Let c(u) = u**3 + 3*u**2 - 7. Let h be c(-2). Determine j(h).
-1
Let w(x) = 19*x**3 - 10*x**2 - 20*x + 232. Let s(j) = 26*j**3 - 13*j**2 - 26*j + 309. Let u(l) = 8*s(l) - 11*w(l). Determine u(5).
5
Let u(t) = 12*t - 131. Let f = 8279 - 8268. Determine u(f).
1
Let o = 282 + -263. Let a(d) = 27 - o - 3*d - 10 + 2*d. Give a(3).
-5
Let w(v